
-5
(13 + (3 - 9) - 4) + -2
1
6 - (-4 - -6) - 5
-1
Evaluate -15 + (-6 - (-12 + 9 + -11)).
-7
Evaluate -8 + (19 + -14 - (-4 - 3)).
4
What is the value of 0 + ((-4 - -9) + -2 - 4)?
-1
-1 - (-1 + 0 - 0)
0
What is 14 + (11 - 7) + -11?
7
What is 2 - (-4 - -1) - 4?
1
Evaluate 0 - -2 - (0 - 2) - -1.
5
What is 4 + 4 + -13 - -6?
1
What is the value of 3 - 7 - (3 - 11)?
4
What is 0 - (6 + -4 + -3)?
1
Calculate 1 + 0 + 5 + -1.
5
Calculate (6 - (0 - 1)) + (-32 - -27).
2
Calculate -6 - -7 - (1 + -2 + 2).
0
Calculate 1 + (3 - (-2 + 3) - 3).
0
Evaluate (-16 + 11 - -12) + -1 + -1.
5
Evaluate (-9 - -2 - -4) + 7.
4
What is 52 - 48 - (7 + 2)?
-5
12 + (13 - 27) - (-3 + -2)
3
What is the value of 3 + 1 + -4 + 0 - 2?
-2
Calculate -5 - (2 + -7 + 4).
-4
Calculate -1 - 0 - (6 + -1 + -6).
0
(40 - 41) + 4 + 1
4
2 - (4 + -1 + (40 - 44))
3
Evaluate 8 + 0 - 0 - (0 + 3).
5
What is the value of -5 + (9 - (-9 + 9))?
4
Evaluate -5 + 11 + (-6 - 0).
0
-5 - (7 + -5 + -4)
-3
Calculate 0 - (6 - (3 + -1)).
-4
Evaluate (14 - (16 + -3)) + 1 + -1.
1
What is the value of -4 + -2 + 6 + -5 - 5?
-10
2 + (-1 - -2 - 4)
-1
What is (0 - -3) + -3 + (5 - 2)?
3
What is -7 + 5 + 7 - 4?
1
Calculate 2 + (6 - 3) + -4 - -4.
5
Calculate -4 + (7 + -6 - -5).
2
-3 - (-3 + -4) - 2
2
What is the value of 2 + -8 - (-4 - -4)?
-6
Calculate -2 - -2 - (-16 + 11).
5
What is the value of (1 - 2) + 2 + (10 - 6)?
5
What is the value of 2 + 0 + (-7 - -7) + -3?
-1
6 - (0 + 6 + -2)
2
Evaluate -49 + 47 + 6 + 0 + -7.
-3
What is the value of (2 - 3) + (-3 - -3) + -3?
-4
Calculate -4 + 8 + -1 + 1 + -3.
1
Calculate 1 + 1 - (-1 - -1).
2
What is -1 + (4 - (-2 - (2 + -5)))?
2
What is 0 + 1 - (22 + -27)?
6
Calculate 4 - (-1 - (-4 + -4)).
-3
Calculate -4 - ((0 - -3) + -5).
-2
Calculate 5 + (-11 - (-6 + (3 - 2))).
-1
Calculate 1 + 1 + -11 + 8 - 1.
-2
What is -1 + -1 - (8 + -13 + 8)?
-5
10 - (6 - (10 + -6) - -2)
6
What is (2 - -2) + (-3 - 0) - -3?
4
Calculate 1 + -4 + -2 + (158 - 154).
-1
Evaluate 0 - (9 - (-3 + 8)).
-4
What is the value of -3 + 8 + -15 + 9?
-1
Calculate -18 - ((-15 - -1) + 4).
-8
What is the value of 4 - (18 + -6) - -4?
-4
Calculate -12 + 8 - (0 - -1).
-5
What is the value of -6 + (-6 - (-6 - 11))?
5
What is -8 + (7 - (-11 - -3)) + -6?
1
What is (11 - (20 - 7)) + (0 - -2)?
0
What is the value of (21 - 0) + 230 + -243?
8
Calculate 1 + -5 - (84 + -91).
3
What is 1 - (-1 + 4 + -7)?
5
What is the value of 3 - ((-3 - (-7 + -1)) + -5)?
3
What is the value of 5 + -2 + 0 - (-30 + 30)?
3
What is 0 - (9 + -8 + -5)?
4
0 - (1 + -4 - -6)
-3
Evaluate 2 + -6 + -3 + 9.
2
Calculate (566 - 573) + (-2 - (0 - 0)).
-9
What is -20 + 20 - (-1 + 2 + 1)?
-2
What is the value of (10 + -4 - 3) + -1 + 4?
6
What is -3 - ((-1 - 3) + 5)?
-4
1 - ((0 - 2) + (24 - 24))
3
Evaluate (-1 - (0 - 1)) + (3 - 5).
-2
Evaluate 33 - 28 - (0 + 11).
-6
3 - 8 - -12 - -2
9
(2 - 6) + 1 - (6 + -6)
-3
Evaluate 0 - 0 - 0 - (-21 + 16).
5
What is (-5 - 2) + (21 - 18)?
-4
-1 + 2 - (-2 - -6)
-3
Calculate (5 - 15) + 9 - -1.
0
Calculate -2 + 4 + -5 - -5.
2
What is (3 - 2) + (-4 - (-8 - -4))?
1
-6 - 3 - (-8 - 2)
1
What is -1 + -6 + (8 - 5) + 2?
-2
What is 12 + 5 + 1 + -9 - 6?
3
Calculate -1 + (0 - -5 - 2) + 3.
5
(13 - 14) + (1 - (0 + -1))
1
Evaluate (7 - (3 + -5)) + -7 - 2.
0
Calculate 2 - 2 - (-5 + 13 + -3).
-5
Evaluate 1 - 0 - (0 + -2 + 2).
1
What is the value of 7 + -3 + 9 + -15?
-2
(24 + -4 - 8) + -3
9
Evaluate 6 - (-23 + 11) - 8.
10
What is 0 + -1 + -4 + 6?
1
Calculate (12 + -5 - -1) + -10.
-2
Calculate 0 - -6 - (42 - 45).
9
Calculate (-7 - (-8 + -6)) + 2.
9
Evaluate 1 + -1 + (0 - -6) + -4.
2
Calculate 3 + 3 + (-16 - -4).
-6
What is 7 + -2 - ((-5 - -16) + -5)?
-1
What is the value of 1 + (-12 + 3 - -6 - 1)?
-3
What is -8 + -2 + 1 + (6 - 3)?
-6
What is the value of 143 - 151 - (2 - 20)?
10
-12 + (3 - -8) - (-6 - 1)
6
Evaluate (-6 - (4 - 6)) + 1 + 5.
2
-9 + 6 - -1 - -6
4
What is -7 + 8 + -9 + 10?
2
What is -5 - (2 + (2 - 12))?
3
What is the value of 9 + 6 + -7 - 4?
4
Calculate 1 + 2 - (5 + -4 + -3).
5
(0 - -4) + (-2 - 0)
2
What is the value of -6 - (4 + -2 + -4)?
-4
Calculate -7 - -10 - (3 - 2).
2
What is the value of -2 - 0 - (6 - (-8 - -11))?
-5
1 + (6 - (3 - -8)) + 0
-4
Evaluate -4 - (-3 - (3 + 3)).
5
What is the value of 10 + 12 + -22 - 5?
-5
Evaluate 1 - (-3 + (9 - 3) - 3).
1
What is the value of -8 + 5 + -1 + 2?
-2
Calculate 174 + -182 + 1 + 1.
-6
What is the value of 6 + -12 + (1 - -1)?
-4
2 - (0 + 3) - (-8 - -7)
0
What is the value of 1 + 1 - (19 - (6 + 3))?
-8
What is 1 - (-4 - -7 - -1)?
-3
Calculate -7 + 2 + -4 + -4 + 10.
-3
(5 - (1 + -5)) + -4
5
Calculate -21 - -21 - (0 + (-3 - 1)).
4
(-1 + 0 + 3 - -2) + -4
0
What is 10 + -12 + (-2 - 0)?
-4
What is -5 + 9 + -1 + -1 + 3?
5
Evaluate 13 - (-7 - -16) - (1 + -1).
4
Calculate 0 + 1 + -7 + 1 + 0.
-5
Evaluate -10 + 1 + -35 + 40.
-4
4 + (0 + (2 - 18) - -7)
-5
What is the value of -3 + 0 + -4 + 1 + 1?
-5
Calculate 4 + -6 - (1 - 0).
-3
5 + (-2 - -1) + (1 - 1)
4
What is the value of 0 + 1 + (-4 - 0)?
-3
What is the value of -6 - (1 + -15) - (2 + 1)?
5
Evaluate 6 - (9 + -7 + 1).
3
What is -6 - -14 - (3 + 8)?
-3
Evaluate (-12 - (-9 - -4)) + 7.
0
What is the value of 35 + -35 + -1 + -2?
-3
What is 6 - 6 - (5 - -2)?
-7
-18 - -16 - (4 - 4)
-2
What is 5 + (-7 - (-1 + -4)) + -6?
-3
Calculate (-5 - (-3 + 3)) + 3.
-2
What is 8 - ((-13 - -21) + (-7 - -2))?
5
Evaluate 4 - (0 + -1) - 9.
-4
What is (-12 - -18) + (-1 - 1)?
4
What is the value of (-11 - -25) + -2 + -4?
8
(25 - 13) + -2 - 5
5
Evaluate 5 + -1 + (-13 - (-7 + -1)).
-1
What is (-13 - -14 - 2) + (-1 - -3)?
1
Calculate (-7 - (-15 - -8)) + 1 + 0.
1
What is -2 + 6 + (-5 - -1) + -7?
-7
3 - (1 + 0 + -2)
4
What is the value of (-6 + 6 - 2) + 3?
1
What is the value of 6 + -9 + -1 + 6?
2
What is the value of (-1 - -7) + (-14 - -12) + -1?
3
Evaluate 3 + (4 + -2 - (-1 + 4)).
2
What is the value of -12 + 15 + -18 + (6 - 0)?
-9
What is the value of (-12 + 9 - (-1 - 2)) + -1?
-1
Calculate (-2 - 15) + 6 + 2.
-9
Calculate (-2 - -2) + -1 + 7.
6
What is the value of (8 - 18) + -1 + 5?
-6
Evaluate 2 - 1 - (10 + -3 - 4).
-2
What is -12 + 7 + -1 + 2 + -1?
-5
Calculate 0 - -1 - -5 - 6.
0
What is the value of -3 + (0 - -5) + -1 + -5?
-4
Evaluate (4 - -3 - 0) + -11.
-4
-2 + 1 + -2 + 6 - 3
0
Evaluate -4 - (-3 + -2 + 5).
-4
Calculate -2 + 1 + (0 - (-3 - 0)).
2
Evaluate 1 - -4 - 4 - -5.
6
What is 9 + (2 - 2) + -6?
3
8 + 9 - 10 - 1
6
Evaluate 0 - 4 - (4 - (-1 - -4)).
-5
Evaluate -8 - (-23 + 10 - -7).
-2
What is 12 + -2 + (-1 + -5 - -2)?
6
Evaluate -10 + (-3 + 27 - 7).
7
Evaluate 2 - (0 + 3) - (-14 - -14).
-1
What is the value of -8 - (1 - (3 - -2))?
-4
-2 + (7 - (-3 - (-11 - -5)))
2
Calculate 0 - -2 - (8 + -6).
0
Evaluate -6 + 8 + (-1 - -1).
2
Calculate -15 - -6 - (-11 + 2).
0
6 - (5 - (0 + 8)) - 6
3
What is -10 + (4 - (-1 + -1))?
-4
Calculate (-2 - -2) + -1 + (-9 - -15).
5
What is 42 + -55 + (8 - (4 - 2))?
-7
Evaluate -4 + 9 + 1 + -7 + 4.
3
Evaluate (15 - -2 - 3) + -10.
4
Calculate 5 - 0 - (22 - (-13 - -27)).
-3
18 - 9 - (7 + 0)
2
What is the value of 1 + 0 + -1 - -2?
2
Calculate -6 + 3 + (-5 - -9).
1
Evaluate 5 + -5 + 7 + -6 - 7.
-6
What is -7 + -1 + 0 + 8?
0
What is the value of (-2 - 0) + 5 + -7?
-4
What is the value of -9 + -3 + 7 + 1 - 4?
-8
What is the value of 7 - (-4 - -8) - (1 + -4)?
6
What is (18 - 14) + 2 + -16?
-10
What is the value of -8 - (-2 + 0 + 1)?
-7
Calculate 20 + -18 + 1 + -7.
-4
What is the value of 27 + -19 - (1 - -13)?
-6
Calculate 2 + -1 + -10 + 5.
-4
What is the value of (0 - 0) + -1 - (1 - -2)?
-4
Calculate 3 + (3 - 5 - -2).
3
Calculate (-3 - (-3 - 4)) + -1.
3
What is the value of 4 - ((2 - 2) + 5)?
-1
Evaluate -4 + (-2 + -2 - -3).
-5
What is 7 + -7 + -1 + 2 - -6?
7
Calculate 3 + 8 + 3 + -13 + 6.
7
What is the value of 44 - 40 - (3 - (1 + -1))?
1
What is the value of 3 + 8 + -14 + -1?
-4
Calculate 5 - ((1 - -2) + 0 + -2).
4
Evaluate (2 - 4) + 4 - (0 - -1).
1
What is the value of -4 + -8 + 6 - -6?
0
Evaluate -3 - (9 + -8 + -7).
3
Calculate -16 - -20 - (1 + (3 - -1)).
-1
What is the value of -7 - 0 - (7 + -12)?
-2
What is the value of 7 - (-8 - -4 - -5)?
6
Calculate 93 + -83 + (-9 - 0).
1
Evaluate 9 + -3 + -1 - 2 - 3.
0
What is the value of -3 - -5 - (2 + -3 + 0)?
3
What is the value of -10 + 0 + 8 + -1 - -5?
2
What is 7 - (3 + -7 + (3 - -3))?
5
What is the value of -1 